 when f is divided by 13.
12
Let k be ((-95)/10)/(1/8). Let i = k + 112. Suppose 49 = 3*g - 2*m - 2, 2*m - 6 = 0. What is the remainder when i is divided by g?
17
Suppose -17 + 5 = -3*m. Suppose -m*b + 30 = 2*d, -b - b + 5*d = 15. Suppose -4*u - v + 52 = -2, 4*u = 3*v + 46. What is the remainder when u is divided by b?
3
Let s = 3 - -2. Suppose -3*r - 70 = -s*r. Let f = -12 + r. What is the remainder when 67 is divided by f?
21
Let w(o) = o**2 - 11*o + 8. Let z be w(9). Let t = z - -28. Calculate the remainder when 34 is divided by t.
16
Let f(z) = z**3 - 6*z**2 - 3*z - 2. Let x be f(6). Let t = -63 - x. Let d = -20 - t. What is the remainder when 44 is divided by d?
21
Let a(w) = 2*w**3 + 3*w**2 - 3*w + 2. Calculate the remainder when 46 is divided by a(2).
22
Suppose 2*g + 288 = 4*x, -149 = -3*x - 5*g + 80. What is the remainder when x is divided by 38?
35
Suppose -15*g + 7*g = -272. Calculate the remainder when 99 is divided by g.
31
Let g = 107 + -6. What is the remainder when g is divided by 17?
16
Let d = -33 + 35. What is the remainder when 34 is divided by d?
0
Suppose -2*a + 56 + 10 = 0. Let s = 5 + a. Let l(t) = t**3 + t**2 + 1. What is the remainder when s is divided by l(2)?
12
Let n(g) = -7*g - 13. What is the remainder when 42 is divided by n(-5)?
20
Let r be (-4)/14 - (-9)/7. Calculate the remainder when 32 is divided by ((-2)/(-4))/(r/22).
10
Suppose -w + 15 + 1 = 0. Calculate the remainder when 60 is divided by w.
12
Let r = 0 + 3. What is the remainder when r is divided by 2 + -1 + -3 + 3?
0
Let h(z) = z**3 - 6*z**2 - z + 8. Let g = 60 - 56. What is the remainder when g is divided by h(6)?
0
Suppose 2*k + 15 = 7*k. Suppose -3*y + 8*y = 40. Suppose 3*l = y*l - 25. What is the remainder when l is divided by k?
2
Suppose 0 = 6*h - 12 - 0. Suppose -3*i = 2*c - 20, 2*c - i - 32 = h*i. Calculate the remainder when 22 is divided by c.
9
Let z(h) = -4*h**2 - 8*h + 2. Let p(c) = 8*c**2 + 15*c - 4. Let b(l) = 6*p(l) + 11*z(l). Let o(r) = 2*r - 2. What is the remainder when b(3) is divided by o(8)?
12
Let p(w) = w**2 + 2*w - 2. Let v be p(-3). Calculate the remainder when 12 - v/(2/4) is divided by 4.
2
Let g = -13 + 52. Calculate the remainder when 115 is divided by g.
37
Suppose 0 = -2*z + 7*z - 55. Suppose z*m = 8*m + 90. What is the remainder when m is divided by 11?
8
Suppose -5*t + 3*t = -10. Calculate the remainder when 4/12 - (-46)/6 is divided by t.
3
Let i = 127 - 122. What is the remainder when 8 is divided by i?
3
Suppose c = 2*u + 743, u - 2 = -u. Suppose 0 = 4*n + c - 157. What is the remainder when ((-3)/3)/(3/n) is divided by 17?
15
Let x = -91 - -305. Suppose x = 3*u - 5*m, 2*m + 0*m + 199 = 3*u. What is the remainder when u is divided by 16?
15
Suppose u - 4*u = -2*w + 32, 5*u + 90 = 5*w. Let n = -95 + 138. What is the remainder when n is divided by w?
21
Suppose -5*x + 24 = -4*x. Calculate the remainder when x is divided by 9.
6
Let s(t) = 18*t**2 + 8*t - 5. Calculate the remainder when s(2) is divided by 31.
21
Let p = 49 + 3. What is the remainder when p is divided by 11?
8
Let n be -1*(-1)/(3/195). Let h = -46 + n. Suppose -h = -2*s - 7. Calculate the remainder when s is divided by 4.
2
Let d = -54 - -123. What is the remainder when d is divided by 6?
3
Suppose 5*w - 134 = z, -17 = -w - z + 5. Calculate the remainder when 101 is divided by w.
23
Let d = -19 - -35. What is the remainder when 31 is divided by d?
15
Let d(a) = 32*a**2 - a. Let o(w) = -6*w - 4. What is the remainder when d(1) is divided by o(-2)?
7
Calculate the remainder when (-3)/(-6) - (-102)/4 is divided by (-670)/(-90) - (-8)/(-18).
5
Suppose -3*j - 69 = -3*r, j - 3*r + 115 = -4*j. Let l = j - -36. What is the remainder when l is divided by 4?
1
Let c(x) = 21*x + 3. Let z be c(11). Let g = z - 161. What is the remainder when g is divided by 25?
23
Suppose 24 = u - 45. Calculate the remainder when u is divided by 18.
15
Suppose 0 = 5*k - 4 - 46. What is the remainder when 19 is divided by k?
9
Let n = 14 - 9. Suppose 4*w + 6 = l, 0*l - n*w - 9 = -2*l. What is the remainder when -3*(l + (-52)/3) is divided by 24?
22
Let b be (-194)/22 + 4/(-22). Let c = -4 - b. Calculate the remainder when c is divided by 3.
2
Let i = -45 - -51. Calculate the remainder when 29 is divided by i.
5
Let w = -36 + 65. What is the remainder when w is divided by 15?
14
Suppose 4*y - 3 + 13 = q, -q = -5*y - 12. Suppose -q*l + 6 = -l. Let m(z) = z**2 - 13*z - 4. What is the remainder when m(14) is divided by l?
4
Let y = 4 - -5. Let a be (4/10)/((-1)/(-15)). What is the remainder when ((-54)/(-15))/(a/40) is divided by y?
6
Suppose -2*x - 16 + 46 = 0. What is the remainder when 57 is divided by x?
12
Let l(o) = -o**3 + 4*o**2 + 5*o - 6. Let j be l(4). Suppose -f + 5 = -j. Calculate the remainder when 36 is divided by f.
17
Suppose -2*b - q + 210 = 0, -b - 2*q + 44 + 67 = 0. Calculate the remainder when b is divided by 26.
25
Let x(p) = 11*p - 3. Let s = -14 - -21. Let a(f) = 6*f - 5. Calculate the remainder when a(s) is divided by x(2).
18
Suppose -5*y = -i + 107, 13 + 180 = 2*i - 3*y. Calculate the remainder when i is divided by 32.
28
Suppose -2*k = 5*p - 26, -5*k - 3*p + 4 = -61. What is the remainder when 36 is divided by k?
10
Let m = 18 - 13. Calculate the remainder when 18 is divided by m.
3
Suppose -3*i + 2*s = 2*i - 147, s = -1. Let o = i + -16. What is the remainder when o is divided by 4?
1
Let u = 42 - 63. Let g be u/(-28) + (-478)/8. Let x = -39 - g. What is the remainder when 58 is divided by x?
18
Let i = 3 + -1. Let d = 7 + i. Let p(j) = 3*j**3 - j**2 - 2*j. What is the remainder when p(2) is divided by d?
7
Let h be 2*-4*3/(-6). Suppose -2*q - h*i = 16, -2*i + 5*i = q - 17. Suppose -4*l + q*l = -26. What is the remainder when 24 is divided by l?
11
Let r(p) = 4*p - 9. Let i be r(-7). Let z = 69 + i. Calculate the remainder when z is divided by 11.
10
Suppose 0 = -5*u + 12 + 13. Suppose 121 + 9 = u*q. What is the remainder when q is divided by 9?
8
Suppose 3*v = 4*v. Suppose v = z - 0*z - 6. Let j(n) = 2*n**2 - 8*n + 6. Calculate the remainder when j(5) is divided by z.
4
Let i(n) = 2*n**2 + 20*n + 15. What is the remainder when 192 is divided by i(-10)?
12
Suppose 328 = 2*g - 0*g. What is the remainder when g is divided by 33?
32
Suppose -a - 47 = -5*y, -y - 4*a + 37 = 4*y. Calculate the remainder when 26 is divided by y.
8
Let t = 75 + -45. Let f = t - 18. What is the remainder when 34 is divided by f?
10
Let q = 100 + -79. What is the remainder when q is divided by 5?
1
Let j = 20 - 30. Let i(d) = -10*d + 10. Let r be i(j). Suppose -2*t + m + r = -m, 2*t = m + 112. Calculate the remainder when t is divided by 15.
12
Suppose 2*y + 12 = -5*p, 9*y - 3*p = 4*y + 32. Calculate the remainder when 23 is divided by y.
3
Suppose 0*p = 5*p - 50. Calculate the remainder when 19 is divided by p.
9
Let m = 2 + 0. Let w = -7 - -12. Suppose 4*l + 2*u - 1 = 23, 3*l - 25 = -w*u. What is the remainder when l is divided by m?
1
Suppose 116 = 2*w + 10. Suppose -t + 2*y = -17 - w, 4*t = 3*y + 280. What is the remainder when t is divided by 24?
22
Let y be -5 - (0 + -2) - -16. Let v(i) = -i**3 + 14*i**2 - 12*i + 17. Calculate the remainder when 58 is divided by v(y).
28
Let j = 164 - 90. What is the remainder when j is divided by 19?
17
Let b = -215 - -306. What is the remainder when 7 is divided by b/42 + (-2)/12?
1
Let f be 1/(-1) - (0 - 14). Suppose 3*y + 6 = j - f, 0 = -y + 2*j + 2. Let l = y - -39. What is the remainder when l is divided by 11?
9
Let d = -7 - 14. Let h = d + 35. Let i(t) = -t + 5. What is the remainder when h is divided by i(0)?
4
Let a = -38 + 49. Calculate the remainder when 40 is divided by a.
7
Let u = 2 + 0. Suppose -22 = -4*r + 3*r - u*g, 3*r - g = 52. Calculate the remainder when 35 is divided by r.
17
Suppose -49*r + 54*r = 40. Calculate the remainder when 37 is divided by r.
5
Let l be 628/6 + 1/3. Let g(u) = -9*u - 2. Let a be g(-7). Let r = l - a. Calculate the remainder when r is divided by 15.
14
Calculate the remainder when 24 is divided by 3/((-69)/39 - -2).
11
What is the remainder when (35 - 0)*(36 - 35) is divided by 6?
5
Let l(m) = -m**3 - 10*m**2 - 3*m - 10. Let b be l(-10). Suppose 0 = -2*t - 0*t + b. Calculate the remainder when 